{"id":7427,"date":"2021-12-06T13:51:45","date_gmt":"2021-12-06T16:51:45","guid":{"rendered":"http:\/\/comdep.com.br\/?page_id=7427"},"modified":"2025-01-29T14:35:59","modified_gmt":"2025-01-29T17:35:59","slug":"cipa","status":"publish","type":"page","link":"https:\/\/comdep.com.br\/?page_id=7427","title":{"rendered":"Cipa"},"content":{"rendered":"<h3 style=\"text-align: center;\"><strong><img loading=\"lazy\" decoding=\"async\" class=\"wp-image-7428 alignleft\" src=\"http:\/\/comdep.com.br\/wp-content\/uploads\/2021\/12\/cipa-300x300.png\" alt=\"\" width=\"163\" height=\"163\" srcset=\"https:\/\/comdep.com.br\/wp-content\/uploads\/2021\/12\/cipa-300x300.png 300w, https:\/\/comdep.com.br\/wp-content\/uploads\/2021\/12\/cipa-150x150.png 150w, https:\/\/comdep.com.br\/wp-content\/uploads\/2021\/12\/cipa.png 640w\" sizes=\"(max-width: 163px) 100vw, 163px\" \/>CIPA &#8211; COMISS\u00c3O INTERNA DE PREVEN\u00c7\u00c3O DE ACIDENTES<\/strong><\/h3>\n<p><strong>\u00a0<\/strong><\/p>\n<p>A <strong>Comiss\u00e3o Interna de Preven\u00e7\u00e3o de Acidentes (CIPA <\/strong>\u00e9 um \u00f3rg\u00e3o interno com a finalidade de prevenir acidentes e doen\u00e7as no ambiente de trabalho. Ela \u00e9 regulamentada pela <strong><a href=\"http:\/\/www.planalto.gov.br\/ccivil_03\/decreto-lei\/del5452.htm\">Consolida\u00e7\u00e3o das Leis de Trabalho (CLT)<\/a><\/strong><strong>. <\/strong>A estrutura\u00e7\u00e3o dessa comiss\u00e3o \u00e9 obrigat\u00f3ria, de maneira geral, para aquelas empresas \u2013 privadas ou p\u00fablicas \u2013 ou institui\u00e7\u00f5es aptas a admitir trabalhadores, al\u00e9m de empregados contratados com carteira assinada.<\/p>\n<p>O principal objetivo da CIPA \u00e9 prevenir doen\u00e7as e acidentes no local de trabalho, fornecendo aos colaboradores a seguran\u00e7a necess\u00e1ria para o desenvolvimento das atividades.<\/p>\n<p>A comiss\u00e3o \u00a0\u00e9 formada pelos pr\u00f3prios colaboradores, que organizam uma elei\u00e7\u00e3o com voto secreto. O per\u00edodo de vig\u00eancia do mandato \u00e9 de um ano e permite reelei\u00e7\u00e3o.<\/p>\n<p>O profissional ELEITO para atuar na CIPA n\u00e3o pode ser demitido sem justa no per\u00edodo que vai desde o registro da candidatura at\u00e9 um ano ap\u00f3s a atua\u00e7\u00e3o no cargo.<\/p>\n<p>A CIPA tem <strong>reuni\u00f5es<\/strong> ordin\u00e1rias mensais, de acordo com o calend\u00e1rio preestabelecido. Elas s\u00e3o realizadas durante o expediente normal da Comdep e em local apropriado. Os dias das reuni\u00f5es, voc\u00ea pode checar neste <strong><a href=\"http:\/\/comdep.com.br\/wp-content\/uploads\/2021\/12\/reunioes.pdf\">link<\/a><\/strong>.<\/p>\n<p>Al\u00e9m de estabelecer uma <strong>cultura organizacional<\/strong> de preven\u00e7\u00e3o \u00e0 acidentes e doen\u00e7as, a atua\u00e7\u00e3o da CIPA nas empresas garante uma maior integra\u00e7\u00e3o entre os profissionais, assim como uma conscientiza\u00e7\u00e3o geral<strong>.\u00a0<\/strong><\/p>\n<p>\u00a0<\/p>\n\n\n<div class=\"wp-block-columns is-layout-flex wp-container-core-columns-layout-1 wp-block-columns-is-layout-flex\">\n<div class=\"wp-block-column is-layout-flow wp-block-column-is-layout-flow\">\n<p><strong>Titulares<\/strong><\/p>\n\n\n\n<p>ERICA CARINE LELIS DA SILVA<br>MARIANA CRISTINA DA SILVA AZEVEDO CANDEIAS<br>JOSE RODRIGO D ESPIRITO SANTO LIMA<br>CARLOS ANDRE DOS SANTOS PITZER<br>ROSELI LOPES MARIANO<br>PAULA CAMILA DOS REIS<br>ACIONE RAMOS VIRTUOSO<br>CARINA DOS SANTOS HAMMES TAMBARA<br>ALEXANDRE PEREIRA NASCIMENTO<br>MARCOS PAULO DE OLIVEIRA<br>MARIA ALICE SOBRAL<br>JHONATAN AUGUSTO SILVA<br>JEANE SABINO<br>LUCIANE APARECIDA DE OLIVEIRA<br>GABRIEL REYNALDO<br>DAVI REIS DA SILVA<\/p>\n<\/div>\n\n\n\n<div class=\"wp-block-column is-layout-flow wp-block-column-is-layout-flow\">\n<p><strong>Suplentes<\/strong><\/p>\n\n\n\n<p>LORRAINE MOTTA SILVESTRE<br>CARINA OLIVEIRA MOURA<br>RENATA SANTOS FERNANDO<br>DANIELE CRISTINA DE CARVALHO<br>DANIEL SANTOS OLIVEIRA<br>MARCIO SOARES<br>MARIA CAROLINA<br>ALESSANDRA CAMPOS<br>MARCIO LIRA FREIRE<br>RODRIGO DE SOUZA RESENDE<br>LEANDRO DINIZ GUIMAR\u00c3ES<\/p>\n<\/div>\n<\/div>\n\n\n\n<p><\/p>\n\n\n\n<p><strong>EVENTOS REALIZADOS NO ANO DE 2024<\/strong><\/p>\n\n\n\n<figure class=\"wp-block-image\"><a href=\"http:\/\/comdep.com.br\/?p=15060\"><img loading=\"lazy\" decoding=\"async\" width=\"300\" height=\"60\" src=\"http:\/\/comdep.com.br\/wp-content\/uploads\/2024\/05\/faixa-SIPA-300x60.png\" alt=\"SIPAT 2024\" class=\"wp-image-15088\" srcset=\"https:\/\/comdep.com.br\/wp-content\/uploads\/2024\/05\/faixa-SIPA-300x60.png 300w, https:\/\/comdep.com.br\/wp-content\/uploads\/2024\/05\/faixa-SIPA-1024x205.png 1024w, https:\/\/comdep.com.br\/wp-content\/uploads\/2024\/05\/faixa-SIPA-768x154.png 768w, https:\/\/comdep.com.br\/wp-content\/uploads\/2024\/05\/faixa-SIPA-1536x307.png 1536w, https:\/\/comdep.com.br\/wp-content\/uploads\/2024\/05\/faixa-SIPA-2048x410.png 2048w\" sizes=\"(max-width: 300px) 100vw, 300px\" \/><\/a><\/figure>\n\n\n\n<p><font size=\"1\">SIPAT 2024 &#8211; Cipa<\/font><\/p>\n","protected":false},"excerpt":{"rendered":"<p>CIPA &#8211; COMISS\u00c3O INTERNA DE PREVEN\u00c7\u00c3O DE ACIDENTES \u00a0 A Comiss\u00e3o Interna de Preven\u00e7\u00e3o de Acidentes (CIPA \u00e9 um \u00f3rg\u00e3o interno com a finalidade de prevenir acidentes e doen\u00e7as no ambiente de trabalho. Ela \u00e9 regulamentada pela Consolida\u00e7\u00e3o das Leis de Trabalho (CLT). A estrutura\u00e7\u00e3o dessa comiss\u00e3o \u00e9 obrigat\u00f3ria, de maneira geral, para aquelas empresas&hellip;<\/p>\n","protected":false},"author":1,"featured_media":0,"parent":0,"menu_order":0,"comment_status":"closed","ping_status":"closed","template":"","meta":{"_themeisle_gutenberg_block_has_review":false,"footnotes":""},"_links":{"self":[{"href":"https:\/\/comdep.com.br\/index.php?rest_route=\/wp\/v2\/pages\/7427"}],"collection":[{"href":"https:\/\/comdep.com.br\/index.php?rest_route=\/wp\/v2\/pages"}],"about":[{"href":"https:\/\/comdep.com.br\/index.php?rest_route=\/wp\/v2\/types\/page"}],"author":[{"embeddable":true,"href":"https:\/\/comdep.com.br\/index.php?rest_route=\/wp\/v2\/users\/1"}],"replies":[{"embeddable":true,"href":"https:\/\/comdep.com.br\/index.php?rest_route=%2Fwp%2Fv2%2Fcomments&post=7427"}],"version-history":[{"count":24,"href":"https:\/\/comdep.com.br\/index.php?rest_route=\/wp\/v2\/pages\/7427\/revisions"}],"predecessor-version":[{"id":16156,"href":"https:\/\/comdep.com.br\/index.php?rest_route=\/wp\/v2\/pages\/7427\/revisions\/16156"}],"wp:attachment":[{"href":"https:\/\/comdep.com.br\/index.php?rest_route=%2Fwp%2Fv2%2Fmedia&parent=7427"}],"curies":[{"name":"wp","href":"https:\/\/api.w.org\/{rel}","templated":true}]}}