{"id":992,"date":"2019-03-26T16:04:59","date_gmt":"2019-03-26T19:04:59","guid":{"rendered":"http:\/\/comdep.dryhop.com.br\/?page_id=992"},"modified":"2023-08-28T11:36:55","modified_gmt":"2023-08-28T14:36:55","slug":"aguas-do-imperador","status":"publish","type":"page","link":"https:\/\/comdep.com.br\/?page_id=992","title":{"rendered":"\u00c1guas do Imperador"},"content":{"rendered":"<section class=\"wpb-content-wrapper\"><p>[vc_row][vc_column][vc_column_text]Em 1997, o munic\u00edpio de Petr\u00f3polis, atrav\u00e9s da Companhia Municipal de \u00c1gua e Esgoto do Munic\u00edpio de Petr\u00f3polis, CAEMPE, na qualidade de Poder Subconcedente, abriu Concorr\u00eancia P\u00fablica para a subconcess\u00e3o dos servi\u00e7os de saneamento b\u00e1sico de \u00e1gua e de esgotos sanit\u00e1rios, em car\u00e1ter de exclusividade, nos per\u00edmetros urbanos do munic\u00edpio, originando a subconcession\u00e1ria \u00c1guas do Imperador S\/A, que por for\u00e7a de Contrato opera, conserva, mant\u00e9m, moderniza, amplia os sistemas de \u00e1gua e esgoto, inclusive cobran\u00e7a direta aos usu\u00e1rios dos servi\u00e7os, ao longo do per\u00edodo de subconcess\u00e3o.<\/p>\n<p>Posteriormente, em 2001, a COMDEP (Companhia Municipal de Desenvolvimento de Petr\u00f3polis), incorporou \u00e0 Companhia de \u00c1gua e Esgoto, consequentemente, o Contrato da Subconcess\u00e3o com \u00c1guas do Imperador.<\/p>\n<p>A COMDEP fiscaliza o cumprimento do contrato da subconcession\u00e1ria \u00c1guas do Imperador nos seguintes quesitos:<\/p>\n<ul>\n<li>\u00a0Faturamento;<\/li>\n<li>Arrecada\u00e7\u00e3o;<\/li>\n<li>\u00cdndice de Inadimpl\u00eancia;<\/li>\n<li>Recupera\u00e7\u00e3o de Receita;<\/li>\n<li>Balancetes Anal\u00edticos;<\/li>\n<li>Balan\u00e7os Patrimoniais;<\/li>\n<li>Obras de Expans\u00e3o dos Sistemas de \u00c1gua e Esgoto (Investimentos);<\/li>\n<li>Interven\u00e7\u00f5es Operacionais;<\/li>\n<li>Projetos e Estudos T\u00e9cnicos;<\/li>\n<li>Outorga de Mananciais junto ao INEA \/RJ;<\/li>\n<li>Plano Diretor de Saneamento;<\/li>\n<li>Cl\u00e1usulas Inerentes ao Contrato.<br \/>\n<strong><a href=\"http:\/\/comdep.com.br\/?page_id=1030\" target=\"_blank\" rel=\"noopener\">Acesse Editais, Contratos, Aditivos e Regulamento clicando neste link<\/a><\/strong><\/li>\n<\/ul>\n<p>[\/vc_column_text]<div class=\"ult-spacer spacer-69edd447ae590\" data-id=\"69edd447ae590\" data-height=\"30\" data-height-mobile=\"30\" data-height-tab=\"30\" data-height-tab-portrait=\"\" data-height-mobile-landscape=\"\" style=\"clear:both;display:block;\"><\/div>[\/vc_column][\/vc_row][vc_row][vc_column width=&#8221;1\/3&#8243;][vc_single_image image=&#8221;1699&#8243; img_size=&#8221;300&#215;200&#8243; alignment=&#8221;center&#8221; style=&#8221;vc_box_rounded&#8221; onclick=&#8221;link_image&#8221;][vc_column_text]<\/p>\n<p style=\"text-align: center;\">Barragem Taquaril<\/p>\n<p>[\/vc_column_text][\/vc_column][vc_column width=&#8221;1\/3&#8243;][vc_single_image image=&#8221;1700&#8243; img_size=&#8221;300&#215;200&#8243; alignment=&#8221;center&#8221; style=&#8221;vc_box_rounded&#8221; onclick=&#8221;link_image&#8221;][vc_column_text]<\/p>\n<p style=\"text-align: center;\">Barragem Lagoinha<\/p>\n<p>[\/vc_column_text][\/vc_column][vc_column width=&#8221;1\/3&#8243;][vc_single_image image=&#8221;1704&#8243; img_size=&#8221;300&#215;200&#8243; alignment=&#8221;center&#8221; style=&#8221;vc_box_rounded&#8221; onclick=&#8221;link_image&#8221;][vc_column_text]<\/p>\n<p style=\"text-align: center;\">Esta\u00e7\u00e3o Tratamento de Esgoto &#8211; Quitandinha<\/p>\n<p>[\/vc_column_text][\/vc_column][\/vc_row][vc_row][vc_column]<div class=\"ult-spacer spacer-69edd447ae5a3\" data-id=\"69edd447ae5a3\" data-height=\"30\" data-height-mobile=\"30\" data-height-tab=\"30\" data-height-tab-portrait=\"\" data-height-mobile-landscape=\"\" style=\"clear:both;display:block;\"><\/div>[\/vc_column][\/vc_row][vc_row][vc_column width=&#8221;1\/3&#8243;][vc_single_image image=&#8221;1703&#8243; img_size=&#8221;300&#215;200&#8243; alignment=&#8221;center&#8221; style=&#8221;vc_box_rounded&#8221; onclick=&#8221;link_image&#8221;][vc_column_text]<\/p>\n<p style=\"text-align: center;\">Esta\u00e7\u00e3o Tratamento de Esgoto &#8211; Piabanha<\/p>\n<p>[\/vc_column_text][\/vc_column][vc_column width=&#8221;1\/3&#8243;][vc_single_image image=&#8221;1702&#8243; img_size=&#8221;300&#215;200&#8243; alignment=&#8221;center&#8221; style=&#8221;vc_box_rounded&#8221; onclick=&#8221;link_image&#8221;][vc_column_text]<\/p>\n<p style=\"text-align: center;\">Esta\u00e7\u00e3o Tratamento \u00c1gua &#8211; Mosela<\/p>\n<p>[\/vc_column_text][\/vc_column][vc_column width=&#8221;1\/3&#8243;][vc_single_image image=&#8221;1701&#8243; img_size=&#8221;300&#215;200&#8243; alignment=&#8221;center&#8221; style=&#8221;vc_box_rounded&#8221; onclick=&#8221;link_image&#8221;][vc_column_text]<\/p>\n<p style=\"text-align: center;\">Esta\u00e7\u00e3o Tratamento \u00c1gua &#8211; Montevideo<\/p>\n<p>[\/vc_column_text][\/vc_column][\/vc_row]<\/p>\n<\/section>","protected":false},"excerpt":{"rendered":"<p>[vc_row][vc_column][vc_column_text]Em 1997, o munic\u00edpio de Petr\u00f3polis, atrav\u00e9s da Companhia Municipal de \u00c1gua e Esgoto do Munic\u00edpio de Petr\u00f3polis, CAEMPE, na qualidade de Poder Subconcedente, abriu Concorr\u00eancia P\u00fablica para a subconcess\u00e3o dos servi\u00e7os de saneamento b\u00e1sico de \u00e1gua e de esgotos sanit\u00e1rios, em car\u00e1ter de exclusividade, nos per\u00edmetros urbanos do munic\u00edpio, originando a subconcession\u00e1ria \u00c1guas do&hellip;<\/p>\n","protected":false},"author":1,"featured_media":0,"parent":0,"menu_order":0,"comment_status":"closed","ping_status":"closed","template":"","meta":{"_themeisle_gutenberg_block_has_review":false,"footnotes":""},"_links":{"self":[{"href":"https:\/\/comdep.com.br\/index.php?rest_route=\/wp\/v2\/pages\/992"}],"collection":[{"href":"https:\/\/comdep.com.br\/index.php?rest_route=\/wp\/v2\/pages"}],"about":[{"href":"https:\/\/comdep.com.br\/index.php?rest_route=\/wp\/v2\/types\/page"}],"author":[{"embeddable":true,"href":"https:\/\/comdep.com.br\/index.php?rest_route=\/wp\/v2\/users\/1"}],"replies":[{"embeddable":true,"href":"https:\/\/comdep.com.br\/index.php?rest_route=%2Fwp%2Fv2%2Fcomments&post=992"}],"version-history":[{"count":25,"href":"https:\/\/comdep.com.br\/index.php?rest_route=\/wp\/v2\/pages\/992\/revisions"}],"predecessor-version":[{"id":13038,"href":"https:\/\/comdep.com.br\/index.php?rest_route=\/wp\/v2\/pages\/992\/revisions\/13038"}],"wp:attachment":[{"href":"https:\/\/comdep.com.br\/index.php?rest_route=%2Fwp%2Fv2%2Fmedia&parent=992"}],"curies":[{"name":"wp","href":"https:\/\/api.w.org\/{rel}","templated":true}]}}