{"id":994,"date":"2019-03-26T16:05:43","date_gmt":"2019-03-26T19:05:43","guid":{"rendered":"http:\/\/comdep.dryhop.com.br\/?page_id=994"},"modified":"2019-10-29T22:43:29","modified_gmt":"2019-10-30T01:43:29","slug":"tratamento-e-distribuicao-de-agua","status":"publish","type":"page","link":"https:\/\/comdep.com.br\/?page_id=994","title":{"rendered":"Tratamento e Distribui\u00e7\u00e3o de \u00c1gua"},"content":{"rendered":"<section class=\"wpb-content-wrapper\"><p>[vc_row][vc_column][vc_column_text]O Vale das Videiras, com popula\u00e7\u00e3o efetiva de, aproximadamente, 600 pessoas, chegando at\u00e9 2000, considerando a popula\u00e7\u00e3o flutuante no per\u00edodo de veraneio e finais de semana, tendo \u00e1rea, em torno, de 10 km\u00b2, \u00e9 classificado como \u00e1rea rururbana pelo zoneamento do munic\u00edpio, n\u00e3o fazendo parte da subconcess\u00e3o.<\/p>\n<p>Hoje a COMDEP mant\u00e9m o sistema de distribui\u00e7\u00e3o de \u00e1gua do Vale das Videiras com capta\u00e7\u00e3o superficial, com vaz\u00e3o de 8 litros\/ segundo no Rio Fagundes.<\/p>\n<p>A COMDEP controla a qualidade da \u00e1gua atrav\u00e9s de filtra\u00e7\u00e3o, clora\u00e7\u00e3o e an\u00e1lises laboratoriais, mantendo cerca de 6 km de redes de distribui\u00e7\u00e3o em perfeitas condi\u00e7\u00f5es para hidrometra\u00e7\u00e3o \u00e0 popula\u00e7\u00e3o.[\/vc_column_text][\/vc_column][\/vc_row][vc_row][vc_column]<div class=\"ult-spacer spacer-69ed8d0dc08f9\" data-id=\"69ed8d0dc08f9\" data-height=\"30\" data-height-mobile=\"30\" data-height-tab=\"30\" data-height-tab-portrait=\"\" data-height-mobile-landscape=\"\" style=\"clear:both;display:block;\"><\/div>[\/vc_column][\/vc_row][vc_row][vc_column width=&#8221;1\/2&#8243;][vc_single_image image=&#8221;1707&#8243; img_size=&#8221;300&#215;200&#8243; alignment=&#8221;center&#8221; style=&#8221;vc_box_rounded&#8221;][vc_column_text]<\/p>\n<p style=\"text-align: center;\">Vale das Videiras<\/p>\n<p>[\/vc_column_text][\/vc_column][vc_column width=&#8221;1\/2&#8243;][vc_single_image image=&#8221;1706&#8243; img_size=&#8221;300&#215;200&#8243; alignment=&#8221;center&#8221; style=&#8221;vc_box_rounded&#8221;][vc_column_text]<\/p>\n<p style=\"text-align: center;\">Vale das Videiras<\/p>\n<p>[\/vc_column_text][\/vc_column][\/vc_row]<\/p>\n<\/section>","protected":false},"excerpt":{"rendered":"<p>[vc_row][vc_column][vc_column_text]O Vale das Videiras, com popula\u00e7\u00e3o efetiva de, aproximadamente, 600 pessoas, chegando at\u00e9 2000, considerando a popula\u00e7\u00e3o flutuante no per\u00edodo de veraneio e finais de semana, tendo \u00e1rea, em torno, de 10 km\u00b2, \u00e9 classificado como \u00e1rea rururbana pelo zoneamento do munic\u00edpio, n\u00e3o fazendo parte da subconcess\u00e3o. Hoje a COMDEP mant\u00e9m o sistema de distribui\u00e7\u00e3o&hellip;<\/p>\n","protected":false},"author":1,"featured_media":0,"parent":0,"menu_order":0,"comment_status":"closed","ping_status":"closed","template":"","meta":{"_themeisle_gutenberg_block_has_review":false,"footnotes":""},"_links":{"self":[{"href":"https:\/\/comdep.com.br\/index.php?rest_route=\/wp\/v2\/pages\/994"}],"collection":[{"href":"https:\/\/comdep.com.br\/index.php?rest_route=\/wp\/v2\/pages"}],"about":[{"href":"https:\/\/comdep.com.br\/index.php?rest_route=\/wp\/v2\/types\/page"}],"author":[{"embeddable":true,"href":"https:\/\/comdep.com.br\/index.php?rest_route=\/wp\/v2\/users\/1"}],"replies":[{"embeddable":true,"href":"https:\/\/comdep.com.br\/index.php?rest_route=%2Fwp%2Fv2%2Fcomments&post=994"}],"version-history":[{"count":6,"href":"https:\/\/comdep.com.br\/index.php?rest_route=\/wp\/v2\/pages\/994\/revisions"}],"predecessor-version":[{"id":1708,"href":"https:\/\/comdep.com.br\/index.php?rest_route=\/wp\/v2\/pages\/994\/revisions\/1708"}],"wp:attachment":[{"href":"https:\/\/comdep.com.br\/index.php?rest_route=%2Fwp%2Fv2%2Fmedia&parent=994"}],"curies":[{"name":"wp","href":"https:\/\/api.w.org\/{rel}","templated":true}]}}